0.
2, 3, 5, 7, 367
List the prime factors of 856195.
5, 109, 1571
What are the prime factors of 595796?
2, 148949
What are the prime factors of 78000?
2, 3, 5, 13
List the prime factors of 30047.
30047
What are the prime factors of 43335?
3, 5, 107
What are the prime factors of 2337283?
13, 23, 7817
What are the prime factors of 417879?
3, 7, 11, 67
What are the prime factors of 356476?
2, 89119
List the prime factors of 1280672.
2, 31, 1291
What are the prime factors of 495821?
495821
What are the prime factors of 383613?
3, 71, 1801
List the prime factors of 10158102.
2, 3, 313, 601
List the prime factors of 288881.
17, 16993
List the prime factors of 315658.
2, 7, 3221
What are the prime factors of 29572699?
13, 101, 223
What are the prime factors of 268469?
67, 4007
List the prime factors of 3896952.
2, 3, 397, 409
List the prime factors of 1101484.
2, 275371
List the prime factors of 6207890.
2, 5, 13, 17, 53
List the prime factors of 15032450.
2, 5, 300649
What are the prime factors of 1245463?
29, 67, 641
List the prime factors of 34215227.
31, 433, 2549
What are the prime factors of 668026?
2, 211, 1583
List the prime factors of 674045.
5, 113, 1193
List the prime factors of 710934.
2, 3, 7, 16927
List the prime factors of 9589062.
2, 3, 7, 228311
List the prime factors of 8795243.
307, 28649
What are the prime factors of 3641745?
3, 5, 107, 2269
List the prime factors of 2038107.
3, 679369
List the prime factors of 844578.
2, 3, 7, 6703
What are the prime factors of 12625193?
7, 257657
List the prime factors of 843007.
11, 6967
List the prime factors of 2266296.
2, 3, 89, 1061
List the prime factors of 73713.
3, 24571
What are the prime factors of 13180850?
2, 5, 239, 1103
List the prime factors of 23878.
2, 11939
What are the prime factors of 236203?
11, 109, 197
What are the prime factors of 17788419?
3, 11, 47, 3823
List the prime factors of 2250801.
3, 7, 11909
List the prime factors of 849128.
2, 7, 59, 257
List the prime factors of 1403228.
2, 53, 6619
List the prime factors of 12374262.
2, 3, 229153
List the prime factors of 2181793.
191, 11423
What are the prime factors of 289786?
2, 7, 2957
List the prime factors of 2606943.
3, 181, 4801
List the prime factors of 1498525.
5, 7, 8563
List the prime factors of 872016.
2, 3, 37, 491
What are the prime factors of 265323?
3, 59, 1499
What are the prime factors of 481202?
2, 17, 14153
List the prime factors of 3544220.
2, 5, 177211
What are the prime factors of 145688?
2, 18211
What are the prime factors of 5540253?
3, 1846751
List the prime factors of 16668632.
2, 41, 89, 571
What are the prime factors of 18708670?
2, 5, 17, 110051
What are the prime factors of 123436?
2, 30859
List the prime factors of 9604981.
9604981
List the prime factors of 688027.
688027
What are the prime factors of 2432321?
2432321
What are the prime factors of 224597?
79, 2843
What are the prime factors of 513591?
3, 13, 1013
List the prime factors of 1550681.
11, 61, 2311
List the prime factors of 220628.
2, 19, 2903
List the prime factors of 4275981.
3, 475109
What are the prime factors of 3923904?
2, 3, 107, 191
List the prime factors of 10217053.
7, 11, 132689
List the prime factors of 1495757.
71, 21067
List the prime factors of 1858479.
3, 7, 88499
What are the prime factors of 5624042?
2, 17, 53, 3121
List the prime factors of 981301.
981301
What are the prime factors of 395969?
7, 8081
List the prime factors of 1065273.
3, 11, 19, 1699
List the prime factors of 584064.
2, 3, 13
What are the prime factors of 11014131?
3, 251, 14627
What are the prime factors of 2104875?
3, 5, 1871
List the prime factors of 31886233.
41, 733, 1061
List the prime factors of 2194265.
5, 438853
List the prime factors of 517032.
2, 3, 43, 167
What are the prime factors of 12785522?
2, 41, 155921
List the prime factors of 5004581.
19, 263399
List the prime factors of 12740842.
2, 797, 7993
What are the prime factors of 24261262?
2, 12130631
List the prime factors of 32629.
67, 487
List the prime factors of 380107.
7, 13, 4177
List the prime factors of 2327580.
2, 3, 5, 67, 193
List the prime factors of 2185618.
2, 281, 3889
List the prime factors of 381227.
7, 11, 4951
What are the prime factors of 266693?
7, 31, 1229
What are the prime factors of 3027729?
3, 1009243
What are the prime factors of 863713?
547, 1579
What are the prime factors of 223084?
2, 43, 1297
What are the prime factors of 5955576?
2, 3, 11, 17, 1327
What are the prime factors of 301793?
301793
What are the prime factors of 9395668?
2, 709, 3313
List the prime factors of 741035.
5, 148207
What are the prime factors of 3053291?
3053291
What are the prime factors of 18153475?
5, 726139
What are the prime factors of 2356836?
2, 3, 19, 10337
What are the prime factors of 665353?
13, 31, 127
List the prime factors of 142436.
2, 7, 5087
List the prime factors of 433354.
2, 43, 5039
What are the prime factors of 2412781?
7, 344683
What are the prime factors of 146968?
2, 18371
What are the prime factors of 276138?
2, 3, 23, 29
List the prime factors of 989821.
7, 141403
What are the prime factors of 1937554?
2, 79, 12263
List the prime factors of 201008.
2, 17, 739
List the prime factors of 842388.
2, 3, 70199
What are the prime factors of 425194?
2, 7, 11, 251
What are the prime factors of 3615123?
3, 547, 2203
List the prime factors of 222858.
2, 3, 4127
List the prime factors of 205505.
5, 23, 1787
List the prime factors of 1323460.
2, 5, 66173
What are the prime factors of 185770?
2, 5, 13, 1429
List the prime factors of 2857746.
2, 3, 79, 6029
List the prime factors of 26951.
26951
List the prime factors of 2328136.
2, 233, 1249
What are the prime factors of 136289?
17, 8017
What are the prime factors of 1199516?
2, 83, 3613
List the prime factors of 7928544.
2, 3, 13, 6353
What are the prime factors of 510632?
2, 29, 31, 71
List the prime factors of 183149.
23, 7963
What are the prime factors of 2248152?
2, 3, 283, 331
List the prime factors of 8771344.
2, 353, 1553
List the prime factors of 32992.
2, 1031
List the prime factors of 122433.
3, 37, 1103
What are the prime factors of 3972126?
2, 3, 662021
What are the prime factors of 4034186?
2, 13, 155161
What are the prime factors of 5327232?
2, 3, 13873
List the prime factors of 2484743.
31, 80153
List the prime factors of 18079206.
2, 3, 1321, 2281
What are the prime factors of 1891526?
2, 7, 13, 19, 547
What are the prime factors of 356225?
5, 14249
List the prime factors of 4912993.
1187, 4139
What are the prime factors of 3768238?
2, 1884119
What are the prime factors of 514382?
2, 11, 103, 227
List the prime factors of 3073536.
2, 3, 23, 29
What are the prime factors of 621181?
11, 149, 379
What are the prime factors of 610474?
2, 305237
List the prime factors of 2797612.
2, 331, 2113
What are the prime factors of 1251719?
7, 178817
What are the prime factors of 1804655?
5, 277, 1303
List the prime factors of 2384538.
2, 3, 13, 19, 1609
List the prime factors of 445849.
61, 7309
What are the prime factors of 715392?
2, 3, 23
List the prime factors of 568579.
11, 37, 127
What are the prime factors of 212281?
212281
List the prime factors of 342570.
2, 3, 5, 19, 601
What are the prime factors of 1867983?
3, 13, 211, 227
List the prime factors of 226685.
5, 45337
What are the prime factors of 10354020?
2, 3, 5, 17, 10151
What are the prime factors of 12798169?
157, 81517
List the prime factors of 813578.
2, 406789
What are the prime factors of 3828830?
2, 5, 382883
List the prime factors of 1992743.
23, 3767
What are the prime factors of 3332791?
7, 11, 43283
What are the prime factors of 7179554?
2, 37, 97021
List the prime factors of 438054.
2, 3, 73009
List the prime factors of 248644.
2, 11, 5651
What are the prime factors of 18763181?
37, 507113
List the prime factors of 4093166.
2, 7, 11, 3797
List the prime factors of 865056.
2, 3, 9011
List the prime factors of 1396540.
2, 5, 69827
What are the prime factors of 294064?
2, 18379
List the prime factors of 285104.
2, 103, 173
What are the prime factors of 14761052?
2, 83, 173, 257
What are the prime factors of 18452095?
5, 23, 160453
List the prime factors of 1422731.
431, 3301
What are the prime factors of 102638?
2, 19, 37, 73
List the p